{"id":38,"date":"2013-04-24T02:46:56","date_gmt":"2013-04-24T00:46:56","guid":{"rendered":"http:\/\/www.skargi.byethost4.com\/blog\/?page_id=38"},"modified":"2014-08-07T00:31:02","modified_gmt":"2014-08-06T22:31:02","slug":"bezplatna-pomoc","status":"publish","type":"page","link":"http:\/\/blog.skargi-etpcz.eu\/?page_id=38","title":{"rendered":"Kontakt"},"content":{"rendered":"<p><strong>Pod poni\u017cszym adresem zamieszczone zosta\u0142y kana\u0142y kontaktowe za po\u015brednictwem kt\u00f3rych mo\u017cna uzyska\u0107 bezp\u0142atn\u0105 pomoc prawn\u0105 w zakresie\u00a0<strong>wnoszenia skarg oraz procedury post\u0119powania przed Europejskim Trybuna\u0142em Praw Cz\u0142owieka w Strasburgu<\/strong>:<\/strong><\/p>\n<p><a href=\"http:\/\/skargi-etpcz.eu\/kontakt.html\" target=\"_blank\">http:\/\/skargi-etpcz.eu\/kontakt.html<\/a><\/p>\n<p><strong>Zapraszamy!<\/strong><\/p>\n","protected":false},"excerpt":{"rendered":"<p>Pod poni\u017cszym adresem zamieszczone zosta\u0142y kana\u0142y kontaktowe za po\u015brednictwem kt\u00f3rych mo\u017cna uzyska\u0107 bezp\u0142atn\u0105 pomoc prawn\u0105 w zakresie\u00a0wnoszenia skarg oraz procedury post\u0119powania przed Europejskim Trybuna\u0142em Praw Cz\u0142owieka w Strasburgu: http:\/\/skargi-etpcz.eu\/kontakt.html Zapraszamy!<\/p>\n","protected":false},"author":1,"featured_media":0,"parent":0,"menu_order":6,"comment_status":"closed","ping_status":"closed","template":"","meta":{"footnotes":""},"class_list":["post-38","page","type-page","status-publish","hentry"],"_links":{"self":[{"href":"http:\/\/blog.skargi-etpcz.eu\/index.php?rest_route=\/wp\/v2\/pages\/38","targetHints":{"allow":["GET"]}}],"collection":[{"href":"http:\/\/blog.skargi-etpcz.eu\/index.php?rest_route=\/wp\/v2\/pages"}],"about":[{"href":"http:\/\/blog.skargi-etpcz.eu\/index.php?rest_route=\/wp\/v2\/types\/page"}],"author":[{"embeddable":true,"href":"http:\/\/blog.skargi-etpcz.eu\/index.php?rest_route=\/wp\/v2\/users\/1"}],"replies":[{"embeddable":true,"href":"http:\/\/blog.skargi-etpcz.eu\/index.php?rest_route=%2Fwp%2Fv2%2Fcomments&post=38"}],"version-history":[{"count":11,"href":"http:\/\/blog.skargi-etpcz.eu\/index.php?rest_route=\/wp\/v2\/pages\/38\/revisions"}],"predecessor-version":[{"id":182,"href":"http:\/\/blog.skargi-etpcz.eu\/index.php?rest_route=\/wp\/v2\/pages\/38\/revisions\/182"}],"wp:attachment":[{"href":"http:\/\/blog.skargi-etpcz.eu\/index.php?rest_route=%2Fwp%2Fv2%2Fmedia&parent=38"}],"curies":[{"name":"wp","href":"https:\/\/api.w.org\/{rel}","templated":true}]}}