{"id":2,"date":"2013-02-26T20:21:04","date_gmt":"2013-02-26T19:21:04","guid":{"rendered":"http:\/\/www.skargi.byethost4.com\/blog\/?page_id=2"},"modified":"2014-08-07T00:01:02","modified_gmt":"2014-08-06T22:01:02","slug":"przykladowa-strona","status":"publish","type":"page","link":"http:\/\/blog.skargi-etpcz.eu\/?page_id=2","title":{"rendered":"Skarga"},"content":{"rendered":"<p><strong>Pod poni\u017cszym adresem przedstawione zosta\u0142y najistotniejsze dla Skar\u017c\u0105cych informacje, dotycz\u0105ce skargi do Europejskiego Trybuna\u0142u Praw Cz\u0142owieka w Strasburgu:<\/strong><\/p>\n<p><a href=\"http:\/\/skargi-etpcz.eu\/skarga.html\" target=\"_blank\">http:\/\/skargi-etpcz.eu\/skarga.html<\/a><\/p>\n<p><strong>Zapraszamy!<\/strong><\/p>\n","protected":false},"excerpt":{"rendered":"<p>Pod poni\u017cszym adresem przedstawione zosta\u0142y najistotniejsze dla Skar\u017c\u0105cych informacje, dotycz\u0105ce skargi do Europejskiego Trybuna\u0142u Praw Cz\u0142owieka w Strasburgu: http:\/\/skargi-etpcz.eu\/skarga.html Zapraszamy!<\/p>\n","protected":false},"author":1,"featured_media":0,"parent":0,"menu_order":1,"comment_status":"closed","ping_status":"closed","template":"","meta":{"footnotes":""},"class_list":["post-2","page","type-page","status-publish","hentry"],"_links":{"self":[{"href":"http:\/\/blog.skargi-etpcz.eu\/index.php?rest_route=\/wp\/v2\/pages\/2","targetHints":{"allow":["GET"]}}],"collection":[{"href":"http:\/\/blog.skargi-etpcz.eu\/index.php?rest_route=\/wp\/v2\/pages"}],"about":[{"href":"http:\/\/blog.skargi-etpcz.eu\/index.php?rest_route=\/wp\/v2\/types\/page"}],"author":[{"embeddable":true,"href":"http:\/\/blog.skargi-etpcz.eu\/index.php?rest_route=\/wp\/v2\/users\/1"}],"replies":[{"embeddable":true,"href":"http:\/\/blog.skargi-etpcz.eu\/index.php?rest_route=%2Fwp%2Fv2%2Fcomments&post=2"}],"version-history":[{"count":7,"href":"http:\/\/blog.skargi-etpcz.eu\/index.php?rest_route=\/wp\/v2\/pages\/2\/revisions"}],"predecessor-version":[{"id":175,"href":"http:\/\/blog.skargi-etpcz.eu\/index.php?rest_route=\/wp\/v2\/pages\/2\/revisions\/175"}],"wp:attachment":[{"href":"http:\/\/blog.skargi-etpcz.eu\/index.php?rest_route=%2Fwp%2Fv2%2Fmedia&parent=2"}],"curies":[{"name":"wp","href":"https:\/\/api.w.org\/{rel}","templated":true}]}}